 - -a714?
a72a
In base 9, what is -12 - -3526?
3514
In base 6, what is 1411015 - -4?
1411023
In base 2, what is -1011110 - -1010101011?
1001001101
In base 2, what is -111100 - 10110001010?
-10111000110
In base 9, what is -831 + -20?
-851
In base 4, what is 10 + 1101230003?
1101230013
In base 3, what is 1021 - 111120?
-110022
In base 15, what is -1ab2d + 4?
-1ab29
In base 3, what is -10210011 + -1010110?
-11220121
In base 8, what is 1601301 - 3?
1601276
In base 7, what is -364 + 5645?
5251
In base 13, what is -c541 - 53?
-c594
In base 16, what is -4 + 9f43?
9f3f
In base 15, what is -312819 - -4?
-312815
In base 16, what is -23 + -e269?
-e28c
In base 11, what is -5a5 - -17?
-589
In base 12, what is -1 + 5ab5?
5ab4
In base 10, what is 21369 + -90?
21279
In base 15, what is 45 - -a48?
a8d
In base 5, what is 3 - -11323433?
11323441
In base 14, what is -30 + -85?
-b5
In base 15, what is 21 + -9aa7?
-9a86
In base 11, what is -6 - 41952?
-41958
In base 6, what is -1414013 - -1?
-1414012
In base 11, what is 12403 - -50?
12453
In base 8, what is 6 + -12563?
-12555
In base 6, what is -11401 + 15?
-11342
In base 4, what is 1023331 + 233?
1030230
In base 3, what is 10221112 + 200?
10222012
In base 13, what is -17a4 - -6?
-179b
In base 4, what is -230301 - 230?
-231131
In base 12, what is -3 + -410a6?
-410a9
In base 6, what is -103 + -12522?
-13025
In base 15, what is -4b - 1d4?
-230
In base 13, what is 50 + 66a5?
6725
In base 7, what is 66 + 100?
166
In base 2, what is 1100000010000010 - -1?
1100000010000011
In base 11, what is -8a530 - -6?
-8a525
In base 5, what is -1 - -2104011?
2104010
In base 15, what is 38a + 5?
390
In base 11, what is 4 - -40332?
40336
In base 10, what is -172972 - -4?
-172968
In base 8, what is 10013725 - -2?
10013727
In base 12, what is 3 + -49138?
-49135
In base 16, what is 9 - -2ca6?
2caf
In base 4, what is 123222 + -23123?
100033
In base 11, what is 698 + -35?
663
In base 2, what is -11111001011111 + 1001?
-11111001010110
In base 3, what is 1120 + -1111222?
-1110102
In base 12, what is -4b934 + 5?
-4b92b
In base 16, what is 2 - -264e?
2650
In base 6, what is 20 - -5531?
5551
In base 7, what is -4602 + -5?
-4610
In base 12, what is -1a2 + -1668?
-184a
In base 3, what is -202 - -121122010?
121121101
In base 14, what is -999 + 1?
-998
In base 15, what is -92b9 + -44?
-930d
In base 13, what is 133 - -5513?
5646
In base 4, what is 3 + -3300203?
-3300200
In base 3, what is 21120020020 - -2?
21120020022
In base 16, what is 0 - -12b?
12b
In base 13, what is -c647 - -6?
-c641
In base 8, what is -142 - 344?
-506
In base 8, what is 1636 - -473?
2331
In base 8, what is -5 + 746775?
746770
In base 4, what is -1 + -322223010?
-322223011
In base 4, what is 0 + -220103023?
-220103023
In base 15, what is 0 + 102eb?
102eb
In base 16, what is -4 - -2043?
203f
In base 11, what is -9753 - 9?
-9761
In base 5, what is 13440 - 1114?
12321
In base 11, what is 5 + -16749?
-16744
In base 15, what is 3d6 - -21?
407
In base 4, what is -123203 + 1312?
-121231
In base 2, what is 110100111010000011010 + 100?
110100111010000011110
In base 16, what is 7a - 149?
-cf
In base 7, what is -123 + -45416?
-45542
In base 12, what is 15b0 - -155?
1745
In base 2, what is 1001001111101111 + -11?
1001001111101100
In base 10, what is -8546 + -220?
-8766
In base 3, what is 22010211210221 + -10?
22010211210211
In base 10, what is 359 - 204?
155
In base 16, what is 3 + 1d14?
1d17
In base 10, what is -166292 + -2?
-166294
In base 6, what is -5 - -24125101?
24125052
In base 10, what is 243 - -695?
938
In base 6, what is 222 + 2122?
2344
In base 6, what is -34 + -1105334?
-1105412
In base 2, what is 101 + -100001010011111?
-100001010011010
In base 7, what is -22 + -3023?
-3045
In base 15, what is 1 - 17103?
-17102
In base 14, what is -b0b19 + 4?
-b0b15
In base 12, what is b0a9 - 2?
b0a7
In base 3, what is -1112 - 12212101?
-12220220
In base 13, what is 6 + -702c?
-7026
In base 7, what is 142 + -1154?
-1012
In base 13, what is 183 + 303?
486
In base 13, what is 315a95 - 2?
315a93
In base 6, what is 14505413 - 0?
14505413
In base 15, what is -9 - -1a628?
1a61e
In base 5, what is -212402344 - -1?
-212402343
In base 3, what is -20012001 - 2210?
-20021211
In base 15, what is -2 - -a89c?
a89a
In base 4, what is 11 - 332212310?
-332212233
In base 15, what is -12681 - -5?
-1267b
In base 8, what is 650 + 250?
1120
In base 5, what is 34021432 - -12?
34021444
In base 10, what is -100 + -511?
-611
In base 10, what is -268 + -157?
-425
In base 16, what is -102 - b?
-10d
In base 9, what is 6 - -168483?
168500
In base 11, what is 349a7 - 0?
349a7
In base 13, what is 4 + 11437?
1143b
In base 7, what is 12511 - 36?
12442
In base 9, what is 22 + -30466?
-30444
In base 16, what is -7 + 168f?
1688
In base 4, what is 1013301 + -131?
1013110
In base 6, what is -200555 + -210?
-201205
In base 16, what is -4 - 293e?
-2942
In base 5, what is -1022 - -31?
-441
In base 15, what is -39ad1 + 2?
-39ace
In base 8, what is 11601 + -44?
11535
In base 5, what is 20 + 23313?
23333
In base 6, what is -10025 + 3125?
-2500
In base 12, what is 109 - -23a3?
24b0
In base 13, what is -5606 - -2?
-5604
In base 4, what is -1 + -12222131?
-12222132
In base 15, what is 372 + -60?
312
In base 9, what is 65742 - -11?
65753
In base 15, what is -348 - -20c2?
1c79
In base 14, what is 60c7 - 10?
60b7
In base 11, what is 6 - -70166?
70171
In base 14, what is -2 + 1546ad?
1546ab
In base 9, what is -602137 - 1?
-602138
In base 8, what is 35 + -3770?
-3733
In base 8, what is 750 - -157?
1127
In base 11, what is -2 - 8542?
-8544
In base 13, what is -131999 + -3?
-13199c
In base 15, what is -7 + 382?
37a
In base 15, what is 132 - -15?
147
In base 7, what is 166 - 13600?
-13401
In base 3, what is 10 - -2112011020?
2112011100
In base 8, what is 23365036 - 2?
23365034
In base 9, what is -4 + 41345?
41341
In base 15, what is 10 + 130?
140
In base 15, what is a624 + 3?
a627
In base 8, what is -33 - 232206?
-232241
In base 4, what is -2032223 + 2320?
-2023303
In base 16, what is -2 + f5a0?
f59e
In base 5, what is 33 + -444320?
-444232
In base 3, what is -2012112 + 121?
-2011221
In base 3, what is 12121112 - -1101?
12122220
In base 2, what is -1111 - -1100001010000110?
1100001001110111
In base 15, what is 3cbd - 19c?
3b21
In base 12, what is -6 + -56635?
-5663b
In base 4, what is 1120211 - -13002?
1133213
In base 7, what is 4605464 + -10?
4605454
In base 14, what is -1c6 - -3a9?
1c3
In base 9, what is 1 - 2762325?
-2762324
In base 9, what is 52482 - 7?
52474
In base 11, what is 1917 - -11?
1928
In base 15, what is -11e1 - 9?
-11ea
In base 8, what is -41032 - -1?
-41031
In base 6, what is 13 + -135051?
-135034
In base 11, what is -5 - -14844?
1483a
In base 4, what is 10 + -11222232201?
-11222232131
In base 11, what is -193 - 20?
-203
In base 16, what is 7 + -374ef?
-374e8
In base 6, what is -5330 + 124?
-5202
In base 4, what is -103 - -2303?
2200
In base 3, what is -210 - -10001100?
10000120
In base 4, what is 0 + 1023?
1023
In base 7, what is 353 + -3220?
-2534
In base 7, what is 3 - -10624?
10630
In base 4, what is -313132030 + -12?
-313132102
In base 4, what is -3311 + -103311?
-113222
In base 14, what is 34725 + -4?
34721
In base 5, what is -32 - -3111?
3024
In base 3, what is 1 - -1212001110?
1212001111
In base 15, what is 1668a - -1?
1668b
In base 5, what is 424014341 + 3?
424014344
In base 3, what is 112001002002 - 10?
112001001222
In base 16, what is -2 + -6f3d?
-6f3f
In base 14, what is 3485c - d?
3484d
In base 10, what is -920 + -17?
-937
In base 7, what is -611 - 153?
-1064
In base 9, what is 7 - 4418?
-4411
In base 15, what is 4171b + -5?
41716
In base 13, what is -36331 + 5?
-36329
In base 13, what is -496 - 380?
-846
In base 4, what is -1122313232 + 13?
-1122313213
In base 6, what is 443405 + -23?
443342
In base 5, what is 3341232 + 0?
3341232
In base 7, what is 65 + 14603?
15001
In base 7, what is -2541522 - 10?
-2541532
In base 16, what is -312f5 - -1?
-312f4
In base 13, what is -c2375 + 2?
-c2373
In base 5, what is 12 - 124442334?
-124442322
In base 13, what is 4 + 37517?
3751b
In base 8, what is -4367617 + 3?
-4367614
In base 14, what is 5 + -20c7c?
-20c77
In base 11, what is 63 + -7098?
-7035
In base 2, what is -101011101